 thousands digit of 13755651?
7
What is the millions digit of 1451903?
1
What is the hundreds digit of 207359?
3
What is the thousands digit of 214056?
4
What is the tens digit of 25702450?
5
What is the hundred thousands digit of 16268360?
2
What is the hundreds digit of 394308?
3
What is the tens digit of 6350620?
2
What is the units digit of 31624?
4
What is the hundreds digit of 366821?
8
What is the tens digit of 317063?
6
What is the units digit of 160966?
6
What is the hundred thousands digit of 141695?
1
What is the hundred thousands digit of 216374?
2
What is the tens digit of 1941541?
4
What is the hundreds digit of 10179815?
8
What is the ten thousands digit of 820188?
2
What is the units digit of 384032?
2
What is the units digit of 2072042?
2
What is the millions digit of 1367706?
1
What is the hundreds digit of 75782?
7
What is the hundred thousands digit of 364013?
3
What is the hundred thousands digit of 2782015?
7
What is the hundred thousands digit of 11951908?
9
What is the hundreds digit of 166778?
7
What is the units digit of 1980242?
2
What is the tens digit of 386032?
3
What is the tens digit of 227802?
0
What is the units digit of 358047?
7
What is the hundred thousands digit of 207724?
2
What is the hundred thousands digit of 496007?
4
What is the tens digit of 607858?
5
What is the tens digit of 229988?
8
What is the hundreds digit of 109815?
8
What is the units digit of 3072648?
8
What is the ten thousands digit of 1096991?
9
What is the hundred thousands digit of 849004?
8
What is the thousands digit of 9516394?
6
What is the hundred thousands digit of 9033832?
0
What is the ten thousands digit of 30961316?
6
What is the ten thousands digit of 405612?
0
What is the thousands digit of 732155?
2
What is the millions digit of 17933660?
7
What is the ten thousands digit of 4407806?
0
What is the units digit of 852182?
2
What is the tens digit of 29387?
8
What is the thousands digit of 9574?
9
What is the units digit of 900267?
7
What is the units digit of 415431?
1
What is the units digit of 8549778?
8
What is the units digit of 974200?
0
What is the ten thousands digit of 512742?
1
What is the millions digit of 1429978?
1
What is the ten thousands digit of 230035?
3
What is the tens digit of 1941994?
9
What is the thousands digit of 6100483?
0
What is the millions digit of 27105182?
7
What is the thousands digit of 38704?
8
What is the ten thousands digit of 591990?
9
What is the tens digit of 802649?
4
What is the thousands digit of 38767956?
7
What is the thousands digit of 15289457?
9
What is the units digit of 1082169?
9
What is the hundred thousands digit of 1244531?
2
What is the hundreds digit of 407841?
8
What is the tens digit of 1254029?
2
What is the tens digit of 199554?
5
What is the hundred thousands digit of 3820681?
8
What is the ten millions digit of 18678984?
1
What is the hundreds digit of 5156625?
6
What is the thousands digit of 1187953?
7
What is the hundred thousands digit of 2295863?
2
What is the tens digit of 95036?
3
What is the hundred thousands digit of 235179?
2
What is the units digit of 3186203?
3
What is the ten thousands digit of 73298?
7
What is the millions digit of 18562163?
8
What is the units digit of 167694?
4
What is the tens digit of 1983606?
0
What is the units digit of 407760?
0
What is the thousands digit of 16796322?
6
What is the thousands digit of 31024?
1
What is the hundreds digit of 1823697?
6
What is the ten thousands digit of 12621271?
2
What is the units digit of 13705647?
7
What is the millions digit of 5313567?
5
What is the ten thousands digit of 1549969?
4
What is the hundred thousands digit of 1782324?
7
What is the ten thousands digit of 319476?
1
What is the hundreds digit of 55431?
4
What is the tens digit of 6317?
1
What is the hundreds digit of 3904562?
5
What is the units digit of 1646935?
5
What is the thousands digit of 773065?
3
What is the thousands digit of 196741?
6
What is the hundred thousands digit of 526684?
5
What is the millions digit of 3938581?
3
What is the units digit of 396524?
4
What is the hundred thousands digit of 5015840?
0
What is the tens digit of 628027?
2
What is the ten thousands digit of 2414648?
1
What is the hundred thousands digit of 6434294?
4
What is the tens digit of 27159?
5
What is the hundreds digit of 40558?
5
What is the hundred thousands digit of 337939?
3
What is the units digit of 34267?
7
What is the units digit of 12709352?
2
What is the hundred thousands digit of 34685460?
6
What is the thousands digit of 60852?
0
What is the thousands digit of 1114987?
4
What is the ten thousands digit of 6987176?
8
What is the hundreds digit of 263518?
5
What is the hundreds digit of 177451?
4
What is the hundred thousands digit of 545858?
5
What is the tens digit of 63963?
6
What is the thousands digit of 861042?
1
What is the hundreds digit of 3997230?
2
What is the hundreds digit of 1245515?
5
What is the ten thousands digit of 10637074?
3
What is the hundreds digit of 463030?
0
What is the ten thousands digit of 12796367?
9
What is the thousands digit of 41336184?
6
What is the tens digit of 615441?
4
What is the hundred thousands digit of 111635?
1
What is the tens digit of 1295?
9
What is the tens digit of 116117?
1
What is the ten thousands digit of 811964?
1
What is the tens digit of 378328?
2
What is the hundreds digit of 3361674?
6
What is the ten thousands digit of 131883?
3
What is the tens digit of 16646876?
7
What is the tens digit of 3955276?
7
What is the hundred thousands digit of 803413?
8
What is the units digit of 6627622?
2
What is the units digit of 950990?
0
What is the hundreds digit of 5030984?
9
What is the hundred thousands digit of 1546815?
5
What is the tens digit of 120207?
0
What is the hundred thousands digit of 27114678?
1
What is the tens digit of 5387615?
1
What is the tens digit of 3650638?
3
What is the tens digit of 755685?
8
What is the hundred thousands digit of 6559192?
5
What is the hundreds digit of 223316?
3
What is the ten thousands digit of 3248381?
4
What is the hundreds digit of 296045?
0
What is the hundred thousands digit of 873029?
8
What is the tens digit of 15838551?
5
What is the ten thousands digit of 893048?
9
What is the millions digit of 5557022?
5
What is the hundred thousands digit of 4962999?
9
What is the ten thousands digit of 500822?
0
What is the hundreds digit of 266737?
7
What is the hundred thousands digit of 1318382?
3
What is the tens digit of 274956?
5
What is the hundreds digit of 60269?
2
What is the millions digit of 2362636?
2
What is the hundreds digit of 2366399?
3
What is the units digit of 927724?
4
What is the tens digit of 182616?
1
What is the ten thousands digit of 4181566?
8
What is the tens digit of 23973913?
1
What is the ten thousands digit of 2463599?
6
What is the tens digit of 1785994?
9
What is the thousands digit of 1035759?
5
What is the thousands digit of 680409?
0
What is the hundred thousands digit of 11586594?
5
What is the ten thousands digit of 702631?
0
What is the tens digit of 336897?
9
What is the ten thousands digit of 873164?
7
What is the hundreds digit of 194103?
1
What is the units digit of 4420577?
7
What is the tens digit of 699048?
4
What is the hundred thousands digit of 6098452?
0
What is the ten thousands digit of 652755?
5
What is the millions digit of 7904362?
7
What is the tens digit of 735497?
9
What is the hundreds digit of 2882644?
6
What is the hundreds digit of 497030?
0
What is the thousands digit of 570116?
0
What is the hundred thousands digit of 167300?
1
What is the units digit of 1253497?
7
What is the ten thousands digit of 4867120?
6
What is the hundred thousands digit of 4039018?
0
What is the tens digit of 5118317?
1
What is the tens digit of 6126786?
8
What is the hundreds digit of 2106834?
8
What is the hundreds digit of 784049?
0
What is the hundred thousands digit of 742299?
7
What is the ten thousands digit of 36485793?
8
What is the ten thousands digit of 19308049?
0
What is the millions digit of 1837665?
1
What is the tens digit of 9266308?
0
What is the tens digit of 535501?
0
What is the hundred thousands digit of 614898?
6
What is the tens digit of 781675?
7
What is the ten thousan